{"id":172,"date":"2021-06-06T12:52:50","date_gmt":"2021-06-06T12:52:50","guid":{"rendered":"https:\/\/fdp-neuhausen.ch\/?page_id=172"},"modified":"2025-01-05T14:09:35","modified_gmt":"2025-01-05T14:09:35","slug":"parlamentarische-vorstoesse","status":"publish","type":"page","link":"https:\/\/fdp-neuhausen.ch\/index.php\/politik\/parlamentarische-vorstoesse\/","title":{"rendered":"Parlamentarische Vorst\u00f6sse"},"content":{"rendered":"\t\t<div data-elementor-type=\"wp-page\" data-elementor-id=\"172\" class=\"elementor elementor-172\">\n\t\t\t\t\t\t<section class=\"elementor-section elementor-top-section elementor-element elementor-element-72000c4a elementor-section-boxed elementor-section-height-default elementor-section-height-default\" data-id=\"72000c4a\" data-element_type=\"section\" data-e-type=\"section\">\n\t\t\t\t\t\t<div class=\"elementor-container elementor-column-gap-default\">\n\t\t\t\t\t<div class=\"elementor-column elementor-col-100 elementor-top-column elementor-element elementor-element-1cf48d8f\" data-id=\"1cf48d8f\" data-element_type=\"column\" data-e-type=\"column\">\n\t\t\t<div class=\"elementor-widget-wrap elementor-element-populated\">\n\t\t\t\t\t\t<div class=\"elementor-element elementor-element-6894b97d elementor-widget elementor-widget-text-editor\" data-id=\"6894b97d\" data-element_type=\"widget\" data-e-type=\"widget\" data-widget_type=\"text-editor.default\">\n\t\t\t\t<div class=\"elementor-widget-container\">\n\t\t\t\t\t\t\t\t\t<h4>Hier finden Sie alle parlamentarischen Vorst\u00f6sse von Mitgliedern der Neuhauser FDP.<\/h4>\n<p><!-- \/wp:paragraph --><\/p>\n<p><!-- wp:heading --><\/p>\n<h2>\u00a0<\/h2>\n<h2>2024<\/h2>\n<p><!-- \/wp:heading --><\/p>\n<p><!-- wp:table {\"className\":\"is-style-stripes\"} --><\/p>\n<figure class=\"wp-block-table is-style-stripes\">\n<table style=\"height: 144px;\" width=\"519\">\n<thead>\n<tr>\n<th>Datum<\/th>\n<th>Autor<\/th>\n<th>Thema<\/th>\n<th>Originaltext<\/th>\n<\/tr>\n<\/thead>\n<tbody>\n<tr>\n<td>19.12.2024<\/td>\n<td>Peter Fischli<\/td>\n<td>Kleine Anfrage: Mehr Abw\u00e4sser f\u00fcr die ARA R\u00f6ti?<\/td>\n<td>\n<p><a href=\"https:\/\/neuhausen.ch\/fileupload\/GR%20070125%20Kleine%20Anfrage%20Nr.%202024.09%20von%20Peter%20Fischli%20Abwa\u0308sser%20ARA%20Ro\u0308ti.pdf\" target=\"_blank\" rel=\"noopener\">Kleine Anfrage Nr. 2024.9<\/a><\/p>\n<\/td>\n<\/tr>\n<tr>\n<td>12.7.2024<\/td>\n<td>Peter Fischli<\/td>\n<td>Kleine Anfrage: Schutz der Bev\u00f6lkerung<\/td>\n<td>\n<p><a href=\"https:\/\/neuhausen.ch\/fileupload\/Peter%20Fischli%20Schutz%20der%20Bevo%CC%88lkerung.pdf\" target=\"_blank\" rel=\"noopener\">Kleine Anfrage<\/a><a href=\"https:\/\/neuhausen.ch\/fileupload\/Peter%20Fischli%20Schutz%20der%20Bevo%CC%88lkerung.pdf\" target=\"_blank\" rel=\"noopener\"> Nr. 2024.4<\/a><\/p>\n<\/td>\n<\/tr>\n<\/tbody>\n<\/table>\n<\/figure>\n<p><!-- \/wp:table --><!-- \/wp:paragraph --><\/p>\n<p><!-- wp:heading --><\/p>\n<h2>2023<\/h2>\n<p><!-- \/wp:heading --><\/p>\n<p><!-- wp:table {\"className\":\"is-style-stripes\"} --><\/p>\n<figure class=\"wp-block-table is-style-stripes\">\n<table style=\"height: 144px;\" width=\"519\">\n<thead>\n<tr>\n<th>Datum<\/th>\n<th>Autor<\/th>\n<th>Thema<\/th>\n<th>Originaltext<\/th>\n<\/tr>\n<\/thead>\n<tbody>\n<tr>\n<td>19.04.2023<\/td>\n<td>Peter Fischli<\/td>\n<td>Postulat: Postulat 2022.06 \u00abSchutz der Bev\u00f6lkerung in der Gemeinde Neuhausen am Rheinfall\u00bb \u00c4nderung der Postulatstext<\/td>\n<td><a href=\"https:\/\/neuhausen.ch\/fileupload\/GR%20250423%20Postulat%20Nr.%202023.03%20von%20Peter%20Fischli%20mit%20dem%20Titel%20Postulat%202022.06%20%C2%ABSchutz%20der%20Bevo%CC%88lkerung%20in%20der%20Gemeinde%20Neuhausen%20am%20Rheinfall%C2%BB%20A%CC%88nderung%20der%20Postulatstext%20.pdf\" target=\"_blank\" rel=\"noopener\">Postulat Nr. 2023.3<\/a><\/td>\n<\/tr>\n<tr>\n<td>12.04.2023<\/td>\n<td>Peter Fischli<\/td>\n<td>Interpellation: Fehlende Berichterstattung zur Berufsbeistandschaft unter Missachtung des Beschluss des Einwohnerrates vom 12.Mai 2022<\/td>\n<td><a href=\"https:\/\/neuhausen.ch\/fileupload\/GR%20180423%20Interpellation%202023.02%20Peter%20Fischli%20fehlende%20Berichtserstattung%20zur%20Berufsbeistandschaft.pdf\" target=\"_blank\" rel=\"noopener\">Interpellation Nr. 2023.2<\/a><\/td>\n<\/tr>\n<tr>\n<td>22.03.2023<\/td>\n<td>Ren\u00e9 Sauzet<\/td>\n<td>Kleine Anfrage: Wie erreichen Personen mit Kinderwagen, \u00abPostw\u00e4geli\u00bb, Rollatoren, Gehhilfen oder im Rollstuhl das Rhytech-Quartier von allen Seiten?<\/td>\n<td><a href=\"https:\/\/neuhausen.ch\/fileupload\/GR%20280323%20Kleine%20Anfrage%20Nr.%202023.01%20von%20Rene%CC%81%20Sauzet%20Wie%20erreichen%20Personen%20das%20Rhytech-Quartier.pdf\" target=\"_blank\" rel=\"noopener\">Kleine Anfrage Nr. 2023.1<\/a><\/td>\n<\/tr>\n<\/tbody>\n<\/table>\n<\/figure>\n<p><!-- \/wp:table --><!-- \/wp:paragraph --><\/p>\n<p><!-- wp:heading --><\/p>\n<h2>2022<\/h2>\n<p><!-- \/wp:heading --><\/p>\n<p><!-- wp:table {\"className\":\"is-style-stripes\"} --><\/p>\n<figure class=\"wp-block-table is-style-stripes\">\n<table style=\"height: 144px;\" width=\"519\">\n<thead>\n<tr>\n<th>Datum<\/th>\n<th>Autor<\/th>\n<th>Thema<\/th>\n<th>Originaltext<\/th>\n<\/tr>\n<\/thead>\n<tbody>\n<tr>\n<td>23.12.2022<\/td>\n<td>Peter Fischli<\/td>\n<td>Postulat: Schutz der Bev\u00f6lkerung in der Gemeinde Neuhausen am Rheinfall<\/td>\n<td><a href=\"https:\/\/neuhausen.ch\/fileupload\/Postulat%20Nr.%202022.06%20von%20Peter%20Fischli%20Schutz%20der%20Bevo\u0308lkerung%20in%20der%20Gemeinde%20Neuhausen%20am%20Rheinfall.pdf\" target=\"_blank\" rel=\"noopener\">Postulat Nr. 2022.6<\/a><\/td>\n<\/tr>\n<tr>\n<td>21.09.2022<\/td>\n<td>Peter Fischli<\/td>\n<td>Interpellation: Notfallplanung Energiemangellage<\/td>\n<td><a href=\"https:\/\/neuhausen.ch\/fileupload\/GR%20270922%20Interpellation%20Nr.%202022.03%20Peter%20Fischli%20-%20Notfallplanung%20Enegiemangellage%20.pdf\" target=\"_blank\" rel=\"noopener\">Interpellation Nr. 2022.3<\/a><\/td>\n<\/tr>\n<tr>\n<td>05.07.2022<\/td>\n<td>Peter Fischli<\/td>\n<td>Kleine Anfrage: Der Winter naht<\/td>\n<td><a href=\"https:\/\/neuhausen.ch\/fileupload\/GR%20120722%20Kleine%20Anfrage%20Nr.%202022.06%20Peter%20Fischli%20Der%20Winter%20naht.pdf\" target=\"_blank\" rel=\"noopener\">Kleine Anfrage Nr. 2022.3<\/a><\/td>\n<\/tr>\n<tr>\n<td>12.05.2022<\/td>\n<td>Peter Fischli<\/td>\n<td>Kleine Anfrage: Sp\u00e4te Zustellung von Stundenpl\u00e4nen erschwert Vereinbarkeit von Familie und Beruf<\/td>\n<td><a href=\"https:\/\/neuhausen.ch\/fileupload\/GR%20170522%20Kleine%20Anfrage%20Nr.%202022.03%20Peter%20Fischli_Spa\u0308te%20Zustellung%20der%20Stundenpla\u0308ne%20erschwert%20Vereinbarkeit%20von%20Familie%20und%20Beruf.pdf\" target=\"_blank\" rel=\"noopener\">Kleine Anfrage Nr. 2022.3<\/a><\/td>\n<\/tr>\n<tr>\n<td>14.02.2022<\/td>\n<td>Peter Fischli<\/td>\n<td>Interpellation: Akzeptanz der Feuerwehr-Fusionspl\u00e4ne in der Gemeinde<\/td>\n<td><a href=\"https:\/\/neuhausen.ch\/fileupload\/GR%20220222%20Interpellation%20Nr.%202022.01%20Gescha%CC%88ftspru%CC%88fungskommission%20-%20Akzeptanz%20der%20Feuerwehr-Fusionspla%CC%88ne%20in%20der%20Gemeinde.pdf\" target=\"_blank\" rel=\"noopener\">Interpellation Nr. 2022.1<\/a><\/td>\n<\/tr>\n<\/tbody>\n<\/table>\n<\/figure>\n<p><!-- \/wp:table --><!-- \/wp:paragraph --><\/p>\n<p><!-- wp:heading --><\/p>\n<h2>2021<\/h2>\n<p><!-- \/wp:heading --><\/p>\n<p><!-- wp:table {\"className\":\"is-style-stripes\"} --><\/p>\n<figure class=\"wp-block-table is-style-stripes\">\n<table>\n<thead>\n<tr>\n<th>Datum<\/th>\n<th>Autor<\/th>\n<th>Thema<\/th>\n<th>Originaltext<\/th>\n<\/tr>\n<\/thead>\n<tbody>\n<tr>\n<td>05.05.2021<\/td>\n<td>Ren\u00e9 Sauzet<\/td>\n<td>Interpellation: Standortwahl Neubau Pflegezentrum<\/td>\n<td><a href=\"https:\/\/neuhausen.ch\/fileupload\/GR%20110521%20Interpellation%20Nr.%202021.03%20Sauzet%20Rene%CC%81%20-%20Standortwahl%20Neubau%20Pflegezentrum.pdf\">Interpellation Nr. 2021.3<\/a><\/td>\n<\/tr>\n<tr>\n<td>19.04.2021<\/td>\n<td>Peter Fischli<\/td>\n<td>Kleine Anfrage: COVID-19 und repetitives Testen<\/td>\n<td><a href=\"https:\/\/neuhausen.ch\/fileupload\/GR%20200421%20Kleine%20Anfrage%20Nr.%202021.6%20Peter%20Fischli%20FDP%20in%20Sachen%20COVID-19%20und%20repetitives%20Testen.pdf\" target=\"_blank\" rel=\"noreferrer noopener\">Kleine Anfrage Nr. 2021.6<\/a><\/td>\n<\/tr>\n<tr>\n<td>17.02.2021<\/td>\n<td>Marco Torsello<\/td>\n<td>Kleine Anfrage: Kindergarten Charlottenfels<\/td>\n<td><a href=\"https:\/\/neuhausen.ch\/fileupload\/GR%20230221%20Kleine%20Anfrage%20Nr.%202021.3%20Marco%20Torsello%20Kindergarten%20Charlottenfels.pdf\" target=\"_blank\" rel=\"noreferrer noopener\">Kleine Anfrage Nr. 2021.3<\/a><\/td>\n<\/tr>\n<\/tbody>\n<\/table>\n<\/figure>\n<p><!-- \/wp:table --><\/p>\n<p><!-- wp:heading --><\/p>\n<h2>2020<\/h2>\n<p><!-- \/wp:heading --><\/p>\n<p><!-- wp:table {\"className\":\"is-style-stripes\"} --><\/p>\n<figure class=\"wp-block-table is-style-stripes\">\n<table>\n<thead>\n<tr>\n<th>Datum<\/th>\n<th>Autor<\/th>\n<th>Thema<\/th>\n<th>Originaltext<\/th>\n<\/tr>\n<\/thead>\n<tbody>\n<tr>\n<td>12.11.2020<\/td>\n<td>Marco Torsello<\/td>\n<td>Kleine Anfrage: Rufbus in Neuhausen<\/td>\n<td><a href=\"https:\/\/neuhausen.ch\/fileupload\/GR%20171120%20Kleine%20Anfrage%20Nr.%202020.13%20Marco%20Torsello%20FDP%20Rufbus%20in%20Neuhausen%20am%20Rheinfall.pdf\" target=\"_blank\" rel=\"noreferrer noopener\">Kleine Anfrage Nr. 2020.13<\/a><\/td>\n<\/tr>\n<tr>\n<td>08.06.2020<\/td>\n<td>Marco Torsello<\/td>\n<td>Kleine Anfrage: Biogas \u2013 Klimaneutrale W\u00e4rmeerzeugung<\/td>\n<td><a href=\"https:\/\/neuhausen.ch\/fileupload\/GR%20090620%20Kleine%20Anfrage%20Nr.%202020.09%20Torsello%20Marco%20Biogas%20-%20Klimaneutrale%20Wa%CC%88rmeerzeugung.pdf\" target=\"_blank\" rel=\"noreferrer noopener\">Kleine Anfrage Nr. 2020.09<\/a><\/td>\n<\/tr>\n<tr>\n<td>21.01.2020<\/td>\n<td>Peter Fischli<\/td>\n<td>Kleine Anfrage: in Sache Verkehr<\/td>\n<td><a href=\"https:\/\/neuhausen.ch\/fileupload\/GR%20210120%20Kleine%20Anfrage%20Nr.%202020.1%20Peter%20Fischli%20in%20Sachen%20Verkehr%20komplett.pdf\" target=\"_blank\" rel=\"noreferrer noopener\">Kleine Anfrage Nr. 2020.1<\/a><\/td>\n<\/tr>\n<\/tbody>\n<\/table>\n<\/figure>\n<p><!-- \/wp:table --><\/p>\n<p><!-- wp:paragraph --><\/p>\n<p>&nbsp;<\/p>\n<p><!-- \/wp:paragraph --><\/p>\t\t\t\t\t\t\t\t<\/div>\n\t\t\t\t<\/div>\n\t\t\t\t\t<\/div>\n\t\t<\/div>\n\t\t\t\t\t<\/div>\n\t\t<\/section>\n\t\t\t\t<\/div>\n\t\t","protected":false},"excerpt":{"rendered":"<p>Hier finden Sie alle parlamentarischen Vorst\u00f6sse von Mitgliedern der Neuhauser FDP. \u00a0 2024 Datum Autor Thema Originaltext 19.12.2024 Peter Fischli Kleine Anfrage: Mehr Abw\u00e4sser f\u00fcr die ARA R\u00f6ti? Kleine Anfrage Nr. 2024.9 12.7.2024 Peter Fischli Kleine Anfrage: Schutz der Bev\u00f6lkerung Kleine Anfrage Nr. 2024.4 2023 Datum Autor Thema Originaltext 19.04.2023 Peter Fischli Postulat: Postulat 2022.06 [&hellip;]<\/p>\n","protected":false},"author":1,"featured_media":0,"parent":175,"menu_order":0,"comment_status":"closed","ping_status":"closed","template":"","meta":{"footnotes":""},"class_list":["post-172","page","type-page","status-publish","hentry","entry"],"_links":{"self":[{"href":"https:\/\/fdp-neuhausen.ch\/index.php\/wp-json\/wp\/v2\/pages\/172","targetHints":{"allow":["GET"]}}],"collection":[{"href":"https:\/\/fdp-neuhausen.ch\/index.php\/wp-json\/wp\/v2\/pages"}],"about":[{"href":"https:\/\/fdp-neuhausen.ch\/index.php\/wp-json\/wp\/v2\/types\/page"}],"author":[{"embeddable":true,"href":"https:\/\/fdp-neuhausen.ch\/index.php\/wp-json\/wp\/v2\/users\/1"}],"replies":[{"embeddable":true,"href":"https:\/\/fdp-neuhausen.ch\/index.php\/wp-json\/wp\/v2\/comments?post=172"}],"version-history":[{"count":44,"href":"https:\/\/fdp-neuhausen.ch\/index.php\/wp-json\/wp\/v2\/pages\/172\/revisions"}],"predecessor-version":[{"id":1995,"href":"https:\/\/fdp-neuhausen.ch\/index.php\/wp-json\/wp\/v2\/pages\/172\/revisions\/1995"}],"up":[{"embeddable":true,"href":"https:\/\/fdp-neuhausen.ch\/index.php\/wp-json\/wp\/v2\/pages\/175"}],"wp:attachment":[{"href":"https:\/\/fdp-neuhausen.ch\/index.php\/wp-json\/wp\/v2\/media?parent=172"}],"curies":[{"name":"wp","href":"https:\/\/api.w.org\/{rel}","templated":true}]}}

Parlamentarische Vorstösse

<div data-elementor-type="wp-page" data-elementor-id="172" class="elementor elementor-172">
						<section class="elementor-section elementor-top-section elementor-element elementor-element-72000c4a elementor-section-boxed elementor-section-height-default elementor-section-height-default" data-id="72000c4a" data-element_type="section" data-e-type="section">
						<div class="elementor-container elementor-column-gap-default">
					<div class="elementor-column elementor-col-100 elementor-top-column elementor-element elementor-element-1cf48d8f" data-id="1cf48d8f" data-element_type="column" data-e-type="column">
			<div class="elementor-widget-wrap elementor-element-populated">
						<div class="elementor-element elementor-element-6894b97d elementor-widget elementor-widget-text-editor" data-id="6894b97d" data-element_type="widget" data-e-type="widget" data-widget_type="text-editor.default">
				<div class="elementor-widget-container">
									<h4>Hier finden Sie alle parlamentarischen Vorstösse von Mitgliedern der Neuhauser FDP.</h4>
<p><!-- /wp:paragraph --></p>
<p><!-- wp:heading --></p>
<h2> </h2>
<h2>2024</h2>
<p><!-- /wp:heading --></p>
<p><!-- wp:table {"className":"is-style-stripes"} --></p>
<figure class="wp-block-table is-style-stripes">
<table style="height: 144px;" width="519">
<thead>
<tr>
<th>Datum</th>
<th>Autor</th>
<th>Thema</th>
<th>Originaltext</th>
</tr>
</thead>
<tbody>
<tr>
<td>19.12.2024</td>
<td>Peter Fischli</td>
<td>Kleine Anfrage: Mehr Abwässer für die ARA Röti?</td>
<td>
<p><a href="https://neuhausen.ch/fileupload/GR%20070125%20Kleine%20Anfrage%20Nr.%202024.09%20von%20Peter%20Fischli%20Abwässer%20ARA%20Röti.pdf" target="_blank" rel="noopener">Kleine Anfrage Nr. 2024.9</a></p>
</td>
</tr>
<tr>
<td>12.7.2024</td>
<td>Peter Fischli</td>
<td>Kleine Anfrage: Schutz der Bevölkerung</td>
<td>
<p><a href="https://neuhausen.ch/fileupload/Peter%20Fischli%20Schutz%20der%20Bevo%CC%88lkerung.pdf" target="_blank" rel="noopener">Kleine Anfrage</a><a href="https://neuhausen.ch/fileupload/Peter%20Fischli%20Schutz%20der%20Bevo%CC%88lkerung.pdf" target="_blank" rel="noopener"> Nr. 2024.4</a></p>
</td>
</tr>
</tbody>
</table>
</figure>
<p><!-- /wp:table --><!-- /wp:paragraph --></p>
<p><!-- wp:heading --></p>
<h2>2023</h2>
<p><!-- /wp:heading --></p>
<p><!-- wp:table {"className":"is-style-stripes"} --></p>
<figure class="wp-block-table is-style-stripes">
<table style="height: 144px;" width="519">
<thead>
<tr>
<th>Datum</th>
<th>Autor</th>
<th>Thema</th>
<th>Originaltext</th>
</tr>
</thead>
<tbody>
<tr>
<td>19.04.2023</td>
<td>Peter Fischli</td>
<td>Postulat: Postulat 2022.06 «Schutz der Bevölkerung in der Gemeinde Neuhausen am Rheinfall» Änderung der Postulatstext</td>
<td><a href="https://neuhausen.ch/fileupload/GR%20250423%20Postulat%20Nr.%202023.03%20von%20Peter%20Fischli%20mit%20dem%20Titel%20Postulat%202022.06%20%C2%ABSchutz%20der%20Bevo%CC%88lkerung%20in%20der%20Gemeinde%20Neuhausen%20am%20Rheinfall%C2%BB%20A%CC%88nderung%20der%20Postulatstext%20.pdf" target="_blank" rel="noopener">Postulat Nr. 2023.3</a></td>
</tr>
<tr>
<td>12.04.2023</td>
<td>Peter Fischli</td>
<td>Interpellation: Fehlende Berichterstattung zur Berufsbeistandschaft unter Missachtung des Beschluss des Einwohnerrates vom 12.Mai 2022</td>
<td><a href="https://neuhausen.ch/fileupload/GR%20180423%20Interpellation%202023.02%20Peter%20Fischli%20fehlende%20Berichtserstattung%20zur%20Berufsbeistandschaft.pdf" target="_blank" rel="noopener">Interpellation Nr. 2023.2</a></td>
</tr>
<tr>
<td>22.03.2023</td>
<td>René Sauzet</td>
<td>Kleine Anfrage: Wie erreichen Personen mit Kinderwagen, «Postwägeli», Rollatoren, Gehhilfen oder im Rollstuhl das Rhytech-Quartier von allen Seiten?</td>
<td><a href="https://neuhausen.ch/fileupload/GR%20280323%20Kleine%20Anfrage%20Nr.%202023.01%20von%20Rene%CC%81%20Sauzet%20Wie%20erreichen%20Personen%20das%20Rhytech-Quartier.pdf" target="_blank" rel="noopener">Kleine Anfrage Nr. 2023.1</a></td>
</tr>
</tbody>
</table>
</figure>
<p><!-- /wp:table --><!-- /wp:paragraph --></p>
<p><!-- wp:heading --></p>
<h2>2022</h2>
<p><!-- /wp:heading --></p>
<p><!-- wp:table {"className":"is-style-stripes"} --></p>
<figure class="wp-block-table is-style-stripes">
<table style="height: 144px;" width="519">
<thead>
<tr>
<th>Datum</th>
<th>Autor</th>
<th>Thema</th>
<th>Originaltext</th>
</tr>
</thead>
<tbody>
<tr>
<td>23.12.2022</td>
<td>Peter Fischli</td>
<td>Postulat: Schutz der Bevölkerung in der Gemeinde Neuhausen am Rheinfall</td>
<td><a href="https://neuhausen.ch/fileupload/Postulat%20Nr.%202022.06%20von%20Peter%20Fischli%20Schutz%20der%20Bevölkerung%20in%20der%20Gemeinde%20Neuhausen%20am%20Rheinfall.pdf" target="_blank" rel="noopener">Postulat Nr. 2022.6</a></td>
</tr>
<tr>
<td>21.09.2022</td>
<td>Peter Fischli</td>
<td>Interpellation: Notfallplanung Energiemangellage</td>
<td><a href="https://neuhausen.ch/fileupload/GR%20270922%20Interpellation%20Nr.%202022.03%20Peter%20Fischli%20-%20Notfallplanung%20Enegiemangellage%20.pdf" target="_blank" rel="noopener">Interpellation Nr. 2022.3</a></td>
</tr>
<tr>
<td>05.07.2022</td>
<td>Peter Fischli</td>
<td>Kleine Anfrage: Der Winter naht</td>
<td><a href="https://neuhausen.ch/fileupload/GR%20120722%20Kleine%20Anfrage%20Nr.%202022.06%20Peter%20Fischli%20Der%20Winter%20naht.pdf" target="_blank" rel="noopener">Kleine Anfrage Nr. 2022.3</a></td>
</tr>
<tr>
<td>12.05.2022</td>
<td>Peter Fischli</td>
<td>Kleine Anfrage: Späte Zustellung von Stundenplänen erschwert Vereinbarkeit von Familie und Beruf</td>
<td><a href="https://neuhausen.ch/fileupload/GR%20170522%20Kleine%20Anfrage%20Nr.%202022.03%20Peter%20Fischli_Späte%20Zustellung%20der%20Stundenpläne%20erschwert%20Vereinbarkeit%20von%20Familie%20und%20Beruf.pdf" target="_blank" rel="noopener">Kleine Anfrage Nr. 2022.3</a></td>
</tr>
<tr>
<td>14.02.2022</td>
<td>Peter Fischli</td>
<td>Interpellation: Akzeptanz der Feuerwehr-Fusionspläne in der Gemeinde</td>
<td><a href="https://neuhausen.ch/fileupload/GR%20220222%20Interpellation%20Nr.%202022.01%20Gescha%CC%88ftspru%CC%88fungskommission%20-%20Akzeptanz%20der%20Feuerwehr-Fusionspla%CC%88ne%20in%20der%20Gemeinde.pdf" target="_blank" rel="noopener">Interpellation Nr. 2022.1</a></td>
</tr>
</tbody>
</table>
</figure>
<p><!-- /wp:table --><!-- /wp:paragraph --></p>
<p><!-- wp:heading --></p>
<h2>2021</h2>
<p><!-- /wp:heading --></p>
<p><!-- wp:table {"className":"is-style-stripes"} --></p>
<figure class="wp-block-table is-style-stripes">
<table>
<thead>
<tr>
<th>Datum</th>
<th>Autor</th>
<th>Thema</th>
<th>Originaltext</th>
</tr>
</thead>
<tbody>
<tr>
<td>05.05.2021</td>
<td>René Sauzet</td>
<td>Interpellation: Standortwahl Neubau Pflegezentrum</td>
<td><a href="https://neuhausen.ch/fileupload/GR%20110521%20Interpellation%20Nr.%202021.03%20Sauzet%20Rene%CC%81%20-%20Standortwahl%20Neubau%20Pflegezentrum.pdf">Interpellation Nr. 2021.3</a></td>
</tr>
<tr>
<td>19.04.2021</td>
<td>Peter Fischli</td>
<td>Kleine Anfrage: COVID-19 und repetitives Testen</td>
<td><a href="https://neuhausen.ch/fileupload/GR%20200421%20Kleine%20Anfrage%20Nr.%202021.6%20Peter%20Fischli%20FDP%20in%20Sachen%20COVID-19%20und%20repetitives%20Testen.pdf" target="_blank" rel="noreferrer noopener">Kleine Anfrage Nr. 2021.6</a></td>
</tr>
<tr>
<td>17.02.2021</td>
<td>Marco Torsello</td>
<td>Kleine Anfrage: Kindergarten Charlottenfels</td>
<td><a href="https://neuhausen.ch/fileupload/GR%20230221%20Kleine%20Anfrage%20Nr.%202021.3%20Marco%20Torsello%20Kindergarten%20Charlottenfels.pdf" target="_blank" rel="noreferrer noopener">Kleine Anfrage Nr. 2021.3</a></td>
</tr>
</tbody>
</table>
</figure>
<p><!-- /wp:table --></p>
<p><!-- wp:heading --></p>
<h2>2020</h2>
<p><!-- /wp:heading --></p>
<p><!-- wp:table {"className":"is-style-stripes"} --></p>
<figure class="wp-block-table is-style-stripes">
<table>
<thead>
<tr>
<th>Datum</th>
<th>Autor</th>
<th>Thema</th>
<th>Originaltext</th>
</tr>
</thead>
<tbody>
<tr>
<td>12.11.2020</td>
<td>Marco Torsello</td>
<td>Kleine Anfrage: Rufbus in Neuhausen</td>
<td><a href="https://neuhausen.ch/fileupload/GR%20171120%20Kleine%20Anfrage%20Nr.%202020.13%20Marco%20Torsello%20FDP%20Rufbus%20in%20Neuhausen%20am%20Rheinfall.pdf" target="_blank" rel="noreferrer noopener">Kleine Anfrage Nr. 2020.13</a></td>
</tr>
<tr>
<td>08.06.2020</td>
<td>Marco Torsello</td>
<td>Kleine Anfrage: Biogas – Klimaneutrale Wärmeerzeugung</td>
<td><a href="https://neuhausen.ch/fileupload/GR%20090620%20Kleine%20Anfrage%20Nr.%202020.09%20Torsello%20Marco%20Biogas%20-%20Klimaneutrale%20Wa%CC%88rmeerzeugung.pdf" target="_blank" rel="noreferrer noopener">Kleine Anfrage Nr. 2020.09</a></td>
</tr>
<tr>
<td>21.01.2020</td>
<td>Peter Fischli</td>
<td>Kleine Anfrage: in Sache Verkehr</td>
<td><a href="https://neuhausen.ch/fileupload/GR%20210120%20Kleine%20Anfrage%20Nr.%202020.1%20Peter%20Fischli%20in%20Sachen%20Verkehr%20komplett.pdf" target="_blank" rel="noreferrer noopener">Kleine Anfrage Nr. 2020.1</a></td>
</tr>
</tbody>
</table>
</figure>
<p><!-- /wp:table --></p>
<p><!-- wp:paragraph --></p>
<p>&nbsp;</p>
<p><!-- /wp:paragraph --></p>								</div>
				</div>
					</div>
		</div>
					</div>
		</section>
				</div>

<p>Hier finden Sie alle parlamentarischen Vorstösse von Mitgliedern der Neuhauser FDP.   2024 Datum Autor Thema Originaltext 19.12.2024 Peter Fischli Kleine Anfrage: Mehr Abwässer für die ARA Röti? Kleine Anfrage Nr. 2024.9 12.7.2024 Peter Fischli Kleine Anfrage: Schutz der Bevölkerung Kleine Anfrage Nr. 2024.4 2023 Datum Autor Thema Originaltext 19.04.2023 Peter Fischli Postulat: Postulat 2022.06 [&hellip;]</p>
