{"id":56,"date":"2021-05-24T12:47:10","date_gmt":"2021-05-24T12:47:10","guid":{"rendered":"https:\/\/web132.sr101.firestorm.ch\/?page_id=56"},"modified":"2026-04-22T07:00:41","modified_gmt":"2026-04-22T07:00:41","slug":"gemeindeebene","status":"publish","type":"page","link":"https:\/\/fdp-neuhausen.ch\/index.php\/personen\/gemeindeebene\/","title":{"rendered":"Gemeindeebene"},"content":{"rendered":"\t\t<div data-elementor-type=\"wp-page\" data-elementor-id=\"56\" class=\"elementor elementor-56\">\n\t\t\t\t\t\t<section class=\"elementor-section elementor-top-section elementor-element elementor-element-bfb2a10 elementor-section-boxed elementor-section-height-default elementor-section-height-default\" data-id=\"bfb2a10\" data-element_type=\"section\" data-e-type=\"section\">\n\t\t\t\t\t\t<div class=\"elementor-container elementor-column-gap-default\">\n\t\t\t\t\t<div class=\"elementor-column elementor-col-100 elementor-top-column elementor-element elementor-element-d91e33a\" data-id=\"d91e33a\" data-element_type=\"column\" data-e-type=\"column\">\n\t\t\t<div class=\"elementor-widget-wrap elementor-element-populated\">\n\t\t\t\t\t\t<div class=\"elementor-element elementor-element-831d958 elementor-widget elementor-widget-heading\" data-id=\"831d958\" data-element_type=\"widget\" data-e-type=\"widget\" data-widget_type=\"heading.default\">\n\t\t\t\t<div class=\"elementor-widget-container\">\n\t\t\t\t\t<h2 class=\"elementor-heading-title elementor-size-default\">Gemeindepr\u00e4sident<\/h2>\t\t\t\t<\/div>\n\t\t\t\t<\/div>\n\t\t\t\t\t<\/div>\n\t\t<\/div>\n\t\t\t\t\t<\/div>\n\t\t<\/section>\n\t\t\t\t<section class=\"elementor-section elementor-top-section elementor-element elementor-element-06a39dd elementor-section-boxed elementor-section-height-default elementor-section-height-default\" data-id=\"06a39dd\" data-element_type=\"section\" data-e-type=\"section\">\n\t\t\t\t\t\t<div class=\"elementor-container elementor-column-gap-default\">\n\t\t\t\t\t<div class=\"elementor-column elementor-col-33 elementor-top-column elementor-element elementor-element-d148b01\" data-id=\"d148b01\" data-element_type=\"column\" data-e-type=\"column\">\n\t\t\t<div class=\"elementor-widget-wrap elementor-element-populated\">\n\t\t\t\t\t\t<div class=\"elementor-element elementor-element-b86e413 elementor-widget elementor-widget-image\" data-id=\"b86e413\" data-element_type=\"widget\" data-e-type=\"widget\" data-widget_type=\"image.default\">\n\t\t\t\t<div class=\"elementor-widget-container\">\n\t\t\t\t\t\t\t\t\t\t\t\t\t\t\t<img fetchpriority=\"high\" decoding=\"async\" width=\"819\" height=\"1024\" src=\"https:\/\/fdp-neuhausen.ch\/wp-content\/uploads\/2022\/06\/Felix_Tenger-819x1024.jpg\" class=\"attachment-large size-large wp-image-388\" alt=\"\" srcset=\"https:\/\/fdp-neuhausen.ch\/wp-content\/uploads\/2022\/06\/Felix_Tenger-819x1024.jpg 819w, https:\/\/fdp-neuhausen.ch\/wp-content\/uploads\/2022\/06\/Felix_Tenger-240x300.jpg 240w, https:\/\/fdp-neuhausen.ch\/wp-content\/uploads\/2022\/06\/Felix_Tenger-768x960.jpg 768w, https:\/\/fdp-neuhausen.ch\/wp-content\/uploads\/2022\/06\/Felix_Tenger-1229x1536.jpg 1229w, https:\/\/fdp-neuhausen.ch\/wp-content\/uploads\/2022\/06\/Felix_Tenger.jpg 1280w\" sizes=\"(max-width: 819px) 100vw, 819px\" \/>\t\t\t\t\t\t\t\t\t\t\t\t\t\t\t<\/div>\n\t\t\t\t<\/div>\n\t\t\t\t<div class=\"elementor-element elementor-element-53e617c elementor-widget elementor-widget-text-editor\" data-id=\"53e617c\" data-element_type=\"widget\" data-e-type=\"widget\" data-widget_type=\"text-editor.default\">\n\t\t\t\t<div class=\"elementor-widget-container\">\n\t\t\t\t\t\t\t\t\t<p><strong>Felix Tenger<\/strong><br \/>im Amt seit 2021<\/p>\t\t\t\t\t\t\t\t<\/div>\n\t\t\t\t<\/div>\n\t\t\t\t\t<\/div>\n\t\t<\/div>\n\t\t\t\t<div class=\"elementor-column elementor-col-33 elementor-top-column elementor-element elementor-element-03f6d8e\" data-id=\"03f6d8e\" data-element_type=\"column\" data-e-type=\"column\">\n\t\t\t<div class=\"elementor-widget-wrap\">\n\t\t\t\t\t\t\t<\/div>\n\t\t<\/div>\n\t\t\t\t<div class=\"elementor-column elementor-col-33 elementor-top-column elementor-element elementor-element-568fb16\" data-id=\"568fb16\" data-element_type=\"column\" data-e-type=\"column\">\n\t\t\t<div class=\"elementor-widget-wrap\">\n\t\t\t\t\t\t\t<\/div>\n\t\t<\/div>\n\t\t\t\t\t<\/div>\n\t\t<\/section>\n\t\t\t\t<section class=\"elementor-section elementor-top-section elementor-element elementor-element-e8ed1e5 elementor-section-boxed elementor-section-height-default elementor-section-height-default\" data-id=\"e8ed1e5\" data-element_type=\"section\" data-e-type=\"section\">\n\t\t\t\t\t\t<div class=\"elementor-container elementor-column-gap-default\">\n\t\t\t\t\t<div class=\"elementor-column elementor-col-100 elementor-top-column elementor-element elementor-element-799a3e1\" data-id=\"799a3e1\" data-element_type=\"column\" data-e-type=\"column\">\n\t\t\t<div class=\"elementor-widget-wrap elementor-element-populated\">\n\t\t\t\t\t\t<div class=\"elementor-element elementor-element-8f09559 elementor-widget-divider--view-line elementor-widget elementor-widget-divider\" data-id=\"8f09559\" data-element_type=\"widget\" data-e-type=\"widget\" data-widget_type=\"divider.default\">\n\t\t\t\t<div class=\"elementor-widget-container\">\n\t\t\t\t\t\t\t<div class=\"elementor-divider\">\n\t\t\t<span class=\"elementor-divider-separator\">\n\t\t\t\t\t\t<\/span>\n\t\t<\/div>\n\t\t\t\t\t\t<\/div>\n\t\t\t\t<\/div>\n\t\t\t\t\t<\/div>\n\t\t<\/div>\n\t\t\t\t\t<\/div>\n\t\t<\/section>\n\t\t\t\t<section class=\"elementor-section elementor-top-section elementor-element elementor-element-9c4601b elementor-section-boxed elementor-section-height-default elementor-section-height-default\" data-id=\"9c4601b\" data-element_type=\"section\" data-e-type=\"section\">\n\t\t\t\t\t\t<div class=\"elementor-container elementor-column-gap-default\">\n\t\t\t\t\t<div class=\"elementor-column elementor-col-100 elementor-top-column elementor-element elementor-element-789d372\" data-id=\"789d372\" data-element_type=\"column\" data-e-type=\"column\">\n\t\t\t<div class=\"elementor-widget-wrap elementor-element-populated\">\n\t\t\t\t\t\t<div class=\"elementor-element elementor-element-b11c110 elementor-widget elementor-widget-heading\" data-id=\"b11c110\" data-element_type=\"widget\" data-e-type=\"widget\" data-widget_type=\"heading.default\">\n\t\t\t\t<div class=\"elementor-widget-container\">\n\t\t\t\t\t<h2 class=\"elementor-heading-title elementor-size-default\">Einwohnerrat<\/h2>\t\t\t\t<\/div>\n\t\t\t\t<\/div>\n\t\t\t\t\t<\/div>\n\t\t<\/div>\n\t\t\t\t\t<\/div>\n\t\t<\/section>\n\t\t\t\t<section class=\"elementor-section elementor-top-section elementor-element elementor-element-90c1719 elementor-section-boxed elementor-section-height-default elementor-section-height-default\" data-id=\"90c1719\" data-element_type=\"section\" data-e-type=\"section\">\n\t\t\t\t\t\t<div class=\"elementor-container elementor-column-gap-default\">\n\t\t\t\t\t<div class=\"elementor-column elementor-col-33 elementor-top-column elementor-element elementor-element-097953e\" data-id=\"097953e\" data-element_type=\"column\" data-e-type=\"column\">\n\t\t\t<div class=\"elementor-widget-wrap elementor-element-populated\">\n\t\t\t\t\t\t<div class=\"elementor-element elementor-element-9da4874 elementor-widget elementor-widget-image\" data-id=\"9da4874\" data-element_type=\"widget\" data-e-type=\"widget\" data-widget_type=\"image.default\">\n\t\t\t\t<div class=\"elementor-widget-container\">\n\t\t\t\t\t\t\t\t\t\t\t\t\t\t\t<img decoding=\"async\" width=\"300\" height=\"300\" src=\"https:\/\/fdp-neuhausen.ch\/wp-content\/uploads\/2021\/05\/PFischli_April_21-e1650734120706-300x300.jpg\" class=\"attachment-medium size-medium wp-image-108\" alt=\"Peter Fischli\" srcset=\"https:\/\/fdp-neuhausen.ch\/wp-content\/uploads\/2021\/05\/PFischli_April_21-e1650734120706-300x300.jpg 300w, https:\/\/fdp-neuhausen.ch\/wp-content\/uploads\/2021\/05\/PFischli_April_21-e1650734120706-1024x1024.jpg 1024w, https:\/\/fdp-neuhausen.ch\/wp-content\/uploads\/2021\/05\/PFischli_April_21-e1650734120706-150x150.jpg 150w, https:\/\/fdp-neuhausen.ch\/wp-content\/uploads\/2021\/05\/PFischli_April_21-e1650734120706-768x769.jpg 768w, https:\/\/fdp-neuhausen.ch\/wp-content\/uploads\/2021\/05\/PFischli_April_21-e1650734120706.jpg 1500w\" sizes=\"(max-width: 300px) 100vw, 300px\" \/>\t\t\t\t\t\t\t\t\t\t\t\t\t\t\t<\/div>\n\t\t\t\t<\/div>\n\t\t\t\t<div class=\"elementor-element elementor-element-ca34cc9 elementor-widget elementor-widget-text-editor\" data-id=\"ca34cc9\" data-element_type=\"widget\" data-e-type=\"widget\" data-widget_type=\"text-editor.default\">\n\t\t\t\t<div class=\"elementor-widget-container\">\n\t\t\t\t\t\t\t\t\t<p><strong>Peter Fischli<\/strong><br \/>im Amt seit 2010<\/p>\t\t\t\t\t\t\t\t<\/div>\n\t\t\t\t<\/div>\n\t\t\t\t\t<\/div>\n\t\t<\/div>\n\t\t\t\t<div class=\"elementor-column elementor-col-33 elementor-top-column elementor-element elementor-element-d1ff778\" data-id=\"d1ff778\" data-element_type=\"column\" data-e-type=\"column\">\n\t\t\t<div class=\"elementor-widget-wrap elementor-element-populated\">\n\t\t\t\t\t\t<div class=\"elementor-element elementor-element-8e88c22 elementor-widget elementor-widget-image\" data-id=\"8e88c22\" data-element_type=\"widget\" data-e-type=\"widget\" data-widget_type=\"image.default\">\n\t\t\t\t<div class=\"elementor-widget-container\">\n\t\t\t\t\t\t\t\t\t\t\t\t\t\t\t<img decoding=\"async\" src=\"https:\/\/fdp-neuhausen.ch\/wp-content\/uploads\/elementor\/thumbs\/Marco-Torsello-e1654182093343-ppq763i6d0o8oovs3e65oae8uqzj00vqk29gclsuk8.jpeg\" title=\"Marco Torsello\" alt=\"Marco Torsello\" loading=\"lazy\" \/>\t\t\t\t\t\t\t\t\t\t\t\t\t\t\t<\/div>\n\t\t\t\t<\/div>\n\t\t\t\t<div class=\"elementor-element elementor-element-2bcc11b elementor-widget elementor-widget-text-editor\" data-id=\"2bcc11b\" data-element_type=\"widget\" data-e-type=\"widget\" data-widget_type=\"text-editor.default\">\n\t\t\t\t<div class=\"elementor-widget-container\">\n\t\t\t\t\t\t\t\t\t<p><strong>Marco Torsello<\/strong><br \/>im Amt seit 2015<\/p>\t\t\t\t\t\t\t\t<\/div>\n\t\t\t\t<\/div>\n\t\t\t\t\t<\/div>\n\t\t<\/div>\n\t\t\t\t<div class=\"elementor-column elementor-col-33 elementor-top-column elementor-element elementor-element-1eead51\" data-id=\"1eead51\" data-element_type=\"column\" data-e-type=\"column\">\n\t\t\t<div class=\"elementor-widget-wrap elementor-element-populated\">\n\t\t\t\t\t\t<div class=\"elementor-element elementor-element-e7d8fbe elementor-widget elementor-widget-image\" data-id=\"e7d8fbe\" data-element_type=\"widget\" data-e-type=\"widget\" data-widget_type=\"image.default\">\n\t\t\t\t<div class=\"elementor-widget-container\">\n\t\t\t\t\t\t\t\t\t\t\t\t\t\t\t<img decoding=\"async\" src=\"https:\/\/fdp-neuhausen.ch\/wp-content\/uploads\/elementor\/thumbs\/Neuhausen_Nina_Schaerrer_freigestellt_rgb-scaled-e1724693317751-qt6rgp5dxk5j905xnn7pdkypqawsj85guhul1hq1fc.jpg\" title=\"Neuhausen_Nina_Schaerrer_freigestellt_rgb\" alt=\"Neuhausen_Nina_Schaerrer_freigestellt_rgb\" loading=\"lazy\" \/>\t\t\t\t\t\t\t\t\t\t\t\t\t\t\t<\/div>\n\t\t\t\t<\/div>\n\t\t\t\t<div class=\"elementor-element elementor-element-6609e32 elementor-widget elementor-widget-text-editor\" data-id=\"6609e32\" data-element_type=\"widget\" data-e-type=\"widget\" data-widget_type=\"text-editor.default\">\n\t\t\t\t<div class=\"elementor-widget-container\">\n\t\t\t\t\t\t\t\t\t<p><strong>Nina Sch\u00e4rrer<\/strong><br>Vizepr\u00e4sidentin des Einwohnerrats, im Amt seit 2025<\/p>\t\t\t\t\t\t\t\t<\/div>\n\t\t\t\t<\/div>\n\t\t\t\t\t<\/div>\n\t\t<\/div>\n\t\t\t\t\t<\/div>\n\t\t<\/section>\n\t\t\t\t<section class=\"elementor-section elementor-top-section elementor-element elementor-element-303409e elementor-section-boxed elementor-section-height-default elementor-section-height-default\" data-id=\"303409e\" data-element_type=\"section\" data-e-type=\"section\">\n\t\t\t\t\t\t<div class=\"elementor-container elementor-column-gap-default\">\n\t\t\t\t\t<div class=\"elementor-column elementor-col-100 elementor-top-column elementor-element elementor-element-f1f78a1\" data-id=\"f1f78a1\" data-element_type=\"column\" data-e-type=\"column\">\n\t\t\t<div class=\"elementor-widget-wrap elementor-element-populated\">\n\t\t\t\t\t\t<div class=\"elementor-element elementor-element-74a0a8a elementor-widget-divider--view-line elementor-widget elementor-widget-divider\" data-id=\"74a0a8a\" data-element_type=\"widget\" data-e-type=\"widget\" data-widget_type=\"divider.default\">\n\t\t\t\t<div class=\"elementor-widget-container\">\n\t\t\t\t\t\t\t<div class=\"elementor-divider\">\n\t\t\t<span class=\"elementor-divider-separator\">\n\t\t\t\t\t\t<\/span>\n\t\t<\/div>\n\t\t\t\t\t\t<\/div>\n\t\t\t\t<\/div>\n\t\t\t\t<div class=\"elementor-element elementor-element-30c3986 elementor-widget elementor-widget-heading\" data-id=\"30c3986\" data-element_type=\"widget\" data-e-type=\"widget\" data-widget_type=\"heading.default\">\n\t\t\t\t<div class=\"elementor-widget-container\">\n\t\t\t\t\t<h2 class=\"elementor-heading-title elementor-size-default\">FDP-Vertreter:innen in Schulbeh\u00f6rde und Kommissionen<\/h2>\t\t\t\t<\/div>\n\t\t\t\t<\/div>\n\t\t\t\t<div class=\"elementor-element elementor-element-828995e elementor-widget elementor-widget-text-editor\" data-id=\"828995e\" data-element_type=\"widget\" data-e-type=\"widget\" data-widget_type=\"text-editor.default\">\n\t\t\t\t<div class=\"elementor-widget-container\">\n\t\t\t\t\t\t\t\t\t<p><b>Marco Torsello: <\/b>Mitglied\u00a0der <a href=\"https:\/\/neuhausen.ch\/einwohnerrat_kommissionen\" target=\"_blank\" rel=\"noopener\">Gesch\u00e4ftspr\u00fcfungskommission<\/a><\/p><p><b>Hedy Mannhart:<\/b> Mitglied der\u00a0<a style=\"font-size: 14px; background-color: #ffffff;\" href=\"https:\/\/www.schule-neuhausen.ch\/schulbehoerde\" target=\"_blank\" rel=\"noopener\">Schulbeh\u00f6rde<\/a><\/p><p><strong>Nicole M\u00fchlethaler:<\/strong> <a href=\"https:\/\/neuhausen.ch\/einwohnerrat_kommissionen\" target=\"_blank\" rel=\"noopener\">B\u00fcro der Einwohnergemeinde<\/a><\/p><p><strong>Lea Plieninger:<\/strong> <a href=\"https:\/\/neuhausen.ch\/einwohnerrat_kommissionen\" target=\"_blank\" rel=\"noopener\">Mitglied der Einb\u00fcrgerungskommission<\/a><\/p><p><b>Fabienne Scherrer: <\/b><a href=\"https:\/\/neuhausen.ch\/gemeinderat_kommissionen\" target=\"_blank\" rel=\"noopener\">Mitglied der Verkehrskommission<\/a><\/p><p><strong>Claudia Suter:<\/strong> <a href=\"https:\/\/neuhausen.ch\/einwohnerrat_kommissionen\" target=\"_blank\" rel=\"noopener\">B\u00fcro der Einwohnergemeinde<\/a><\/p>\t\t\t\t\t\t\t\t<\/div>\n\t\t\t\t<\/div>\n\t\t\t\t\t<\/div>\n\t\t<\/div>\n\t\t\t\t\t<\/div>\n\t\t<\/section>\n\t\t\t\t<\/div>\n\t\t","protected":false},"excerpt":{"rendered":"<p>Gemeindepr\u00e4sident Felix Tengerim Amt seit 2021 Einwohnerrat Peter Fischliim Amt seit 2010 Marco Torselloim Amt seit 2015 Nina Sch\u00e4rrerVizepr\u00e4sidentin des Einwohnerrats, im Amt seit 2025 FDP-Vertreter:innen in Schulbeh\u00f6rde und Kommissionen Marco Torsello: Mitglied\u00a0der Gesch\u00e4ftspr\u00fcfungskommission Hedy Mannhart: Mitglied der\u00a0Schulbeh\u00f6rde Nicole M\u00fchlethaler: B\u00fcro der Einwohnergemeinde Lea Plieninger: Mitglied der Einb\u00fcrgerungskommission Fabienne Scherrer: Mitglied der Verkehrskommission Claudia Suter: [&hellip;]<\/p>\n","protected":false},"author":1,"featured_media":0,"parent":53,"menu_order":0,"comment_status":"closed","ping_status":"closed","template":"","meta":{"footnotes":""},"class_list":["post-56","page","type-page","status-publish","hentry","entry"],"_links":{"self":[{"href":"https:\/\/fdp-neuhausen.ch\/index.php\/wp-json\/wp\/v2\/pages\/56","targetHints":{"allow":["GET"]}}],"collection":[{"href":"https:\/\/fdp-neuhausen.ch\/index.php\/wp-json\/wp\/v2\/pages"}],"about":[{"href":"https:\/\/fdp-neuhausen.ch\/index.php\/wp-json\/wp\/v2\/types\/page"}],"author":[{"embeddable":true,"href":"https:\/\/fdp-neuhausen.ch\/index.php\/wp-json\/wp\/v2\/users\/1"}],"replies":[{"embeddable":true,"href":"https:\/\/fdp-neuhausen.ch\/index.php\/wp-json\/wp\/v2\/comments?post=56"}],"version-history":[{"count":107,"href":"https:\/\/fdp-neuhausen.ch\/index.php\/wp-json\/wp\/v2\/pages\/56\/revisions"}],"predecessor-version":[{"id":3014,"href":"https:\/\/fdp-neuhausen.ch\/index.php\/wp-json\/wp\/v2\/pages\/56\/revisions\/3014"}],"up":[{"embeddable":true,"href":"https:\/\/fdp-neuhausen.ch\/index.php\/wp-json\/wp\/v2\/pages\/53"}],"wp:attachment":[{"href":"https:\/\/fdp-neuhausen.ch\/index.php\/wp-json\/wp\/v2\/media?parent=56"}],"curies":[{"name":"wp","href":"https:\/\/api.w.org\/{rel}","templated":true}]}}